 + (o - -2) - -160?
2, 41
Let q(f) = -942*f - 1564. List the prime factors of q(-5).
2, 11, 13
Suppose -3*h + 29841 = -3*j, 5*h + 6*j - 49743 = 3*j. What are the prime factors of h?
2, 3, 829
Let k(d) = 213*d**2 - 57*d - 18. List the prime factors of k(-12).
2, 3, 1741
Suppose -4*n + 5*w + 34600 = 0, 2*n + w = 6*n - 34600. What are the prime factors of n?
2, 5, 173
Let f(j) = -10*j + 73. Let p be f(-20). Let u = p + 125. List the prime factors of u.
2, 199
Let v(p) = p. Let c(w) = w**2 - 6*w - 4 + w + 3*w. Let h(o) = c(o) - 4*v(o). What are the prime factors of h(-7)?
3, 29
Suppose 0 = -7*h + 7 + 35. Suppose 390 = -h*w + 990. List the prime factors of w.
2, 5
Suppose 50 + 100 = -15*o. List the prime factors of (1884/o + -2)*-5.
2, 7, 17
Let o = 45 - 42. Let i(t) = 4*t**2 - 10*t. Let b be i(16). Suppose 0 = -o*q + 9*q - b. What are the prime factors of q?
2, 3
Let d(n) = -n**2 - 35*n - 2. Let m = 129 - 107. Let o = -48 + m. What are the prime factors of d(o)?
2, 29
Suppose -1929 = -2*y - 2103. Suppose -7*n = -2*n - 3*h + 642, -124 = n - 5*h. Let j = y - n. What are the prime factors of j?
2, 3, 7
Let i(h) = -35524*h**3 - 3*h**2 - 1. Let x be i(-1). List the prime factors of x/56 - (-2)/(-7).
2, 317
List the prime factors of (10475/5 - -9) + -6.
2, 1049
Let q(i) be the first derivative of -7*i**5/120 + 5*i**4/6 - 17*i**3/3 - 14. Let y(o) be the third derivative of q(o). What are the prime factors of y(-9)?
83
Let t = -172 + 174. What are the prime factors of ((176 - 7)/1)/(t/6)?
3, 13
Let h = 34 + -29. Suppose -3*z = -4*b - 20, 4*b = -3*z - 0*b - 20. Suppose c - 2*q + q = z, -2 = 4*c - h*q. List the prime factors of c.
2
Let z(p) = p**3 - 2*p**2 + 8*p - 16. Let c(v) = v**2 + v - 3. Let b be c(2). List the prime factors of z(b).
17
Suppose -8*t + 6*t = -510. Let w = 614 - t. Suppose 4*m - w = 569. List the prime factors of m.
2, 29
Suppose -5*o + 30923 = -2*g - 2832, 7*g = 3*o - 20224. List the prime factors of o.
3, 2251
Let y be (-92)/(-161)*2/(2/7). Suppose y*o = 13*o - 2502. What are the prime factors of o?
2, 139
Let z be 303/(-3 + 6) + 3. Suppose -15*n - z = -17*n. Suppose 0 = 6*j - 320 - n. What are the prime factors of j?
2, 31
Suppose 0 = h + 5*i - 371, i = 11*h - 7*h - 1547. Let m = 97 + h. What are the prime factors of m?
3, 7, 23
Let w(t) = -t**2 - 22*t + 9. Let m(u) = u**2 - 12*u + 22. Suppose 0 = -d + 5*j + 12, -4*j + 10 = 5*d - 21. Let q be m(d). What are the prime factors of w(q)?
2, 3, 7
Let v be (-8)/40 + (-31)/(-5) + -1. Suppose j - 148 - 689 = -v*y, y - 5*j = 183. What are the prime factors of y?
2, 3, 7
Let f(b) = 77*b**2 - 8*b - 22. Let k be f(5). Let u = k - 1036. What are the prime factors of u?
827
Suppose -2409*t = -2406*t - 2*z - 147797, 0 = -2*t - z + 98550. What are the prime factors of t?
29, 1699
Let i be (4 - 0) + -2 + 16. Let u be 9*(173/3 + 12/i). Suppose -4*v + u = 5*r + 62, -r + 3*v = -85. What are the prime factors of r?
7, 13
Let c be ((-9)/6)/(6/(-296)). Let j be 367 - ((-9)/3 - 0/1). Suppose c = -d + 2*d + 5*u, 5*d - j = -3*u. What are the prime factors of d?
2, 37
Let a = -110 + 343. Suppose 0 = -17*n + 16*n + a. List the prime factors of n.
233
Suppose -14*v - 396 = -11*v. Let f(y) = 16*y**2 - 5*y + 1. Let b be f(5). Let h = v + b. List the prime factors of h.
2, 61
Let j(f) = 14*f**2 - 3*f - 13. Let u(z) = z**2 - 9*z + 26. Let p be u(5). List the prime factors of j(p).
11, 43
List the prime factors of -14 + (-2438775)/(-175) - 2/(-14).
2, 6961
Suppose -35*r - 2 = -36*r. Let g(p) = 148*p**3 + 8*p**2 - 2*p. List the prime factors of g(r).
2, 3, 101
Let o = -72 + 150. Suppose -7*g + o = 6*g. Suppose -j + 13 = -g. List the prime factors of j.
19
Suppose 0 = -3*z + 16 - 16. Suppose z = -a - 11 + 23. List the prime factors of (3/3)/(4/a).
3
Let x(c) = -c**2 + 12. Let w be x(-4). Let n be 2 - (-1 - w) - 100/(-4). List the prime factors of 2*134/n*6.
67
Let j = 12 + -27. Let p = j - -177. List the prime factors of 3 + p + 2/2 + 0.
2, 83
Let y be 0/(-1 + -2 + 2). Suppose 0 = -2*n - y*n. Suppose n*r = -3*r + 246. What are the prime factors of r?
2, 41
Let f(u) be the first derivative of -4*u + 5/2*u**2 + 7. What are the prime factors of f(8)?
2, 3
Suppose -330 = 15*q - 5085. Let i = -191 + q. What are the prime factors of i?
2, 3, 7
Let s(q) = q**2 - 3*q - 2. Let m be s(4). Suppose -5 = 2*b - 4*g - 29, -m*b + 2*g = -20. Suppose -b*k + k = -903. List the prime factors of k.
3, 43
Let g(f) = -190*f**2 + 2*f - 3. Let u be g(1). Let q = 270 - u. Let p = -325 + q. What are the prime factors of p?
2, 17
Let m(k) = 2*k**2 + 38*k - 9. List the prime factors of m(-33).
3, 5, 61
List the prime factors of ((-60)/(-24))/((-13)/(-77194)).
5, 2969
Suppose 0 = -182*r + 202*r - 95620. What are the prime factors of r?
7, 683
Let o(f) = 1917*f**2 - 51*f + 143. List the prime factors of o(4).
7, 4373
List the prime factors of -16221*((-56)/63*-3 - 3).
5407
Suppose 0 = -3*t + 15, 2 = -5*d + t - 3. Let v be (d - -1)*(-1 - -3)/(-1). What are the prime factors of v/4*((-12)/3 - 292)?
2, 37
Suppose 4*d = -4*d + 5952. Suppose 0 = -a - 3, -2*a - d = -5*h - 4*a. Suppose 0 = 60*p - 54*p - h. What are the prime factors of p?
5
Suppose 5*n - 4*c - 439020 = 0, -n - 547*c = -546*c - 87804. What are the prime factors of n?
2, 3, 271
Let m(k) = k**3 - 5*k**2 - 2. Let f(o) = o**3 + 10*o**2 - 2*o - 12. Let l be f(-10). Suppose 4 + l = 2*y. What are the prime factors of m(y)?
2, 17
Let f be (-10)/4 + 2 + (-78)/(-12). List the prime factors of 366 - 1/1*f.
2, 3, 5
Suppose 0 = -2*q + 3 + 3. Suppose -3*l - q = -0, -2*l + 153 = i. Suppose 2*j + i = 3*z + 416, -j + z = -130. What are the prime factors of j?
3, 43
Suppose 4*y - 1758 - 2592 = 3*y. List the prime factors of y.
2, 3, 5, 29
Let l = 19944 + -5309. List the prime factors of l.
5, 2927
Let l(w) = 189*w + 23. Let j(k) = -k**2 - 18*k - 73. Let r be j(-11). What are the prime factors of l(r)?
19, 41
Let r = -494 + 834. Let a = r + -204. List the prime factors of a.
2, 17
Suppose -16806 = -10*p - 5976. List the prime factors of p.
3, 19
Let c(q) = -13*q**3 - 3*q**2 - 22*q - 96. List the prime factors of c(-12).
2, 3, 5, 37
Suppose 0 = -4*m + 2*l + 21170, -5*m + 2064 = -2*l - 24401. What are the prime factors of m?
3, 5, 353
Let c = -42 + 36. Let u be 0 + 12/(-2 - c). What are the prime factors of (4 - u)*27 + -1?
2, 13
Let l = 39 - 37. Suppose 2*h - l*z = -7*z + 30, -5*z - 30 = -h. Suppose h + 0 = f. What are the prime factors of f?
2, 5
Let z = 59 + -59. Suppose 7*o = -z*o + 1162. List the prime factors of o.
2, 83
Suppose 0 = -22*z + 83 + 247. Suppose -z*x + 1488 = 4*m - 18*x, -758 = -2*m + 5*x. What are the prime factors of m?
3, 41
Let u = 22859 + -14076. What are the prime factors of u?
8783
Suppose -2058 = -29*s + 8*s. Suppose 0 = -2*q + q + 426. Suppose -2*u = s - q. List the prime factors of u.
2, 41
Let n = -624 - -941. Suppose 9*f - 169 - n = 0. List the prime factors of f.
2, 3
Let f = -315 - -327. Let i(y) = 6*y**2 - 3*y - 27. What are the prime factors of i(f)?
3, 89
Let a be (-6 - 0)/(13/611). List the prime factors of (a/4)/(30/(-40)).
2, 47
Let r(b) = -7*b + 12. Let k be r(1). Suppose k*o + 322 = 6*o - 3*z, -2*o + z = -634. List the prime factors of o.
2, 79
Let i(j) = -4*j**3 - 5*j**2 - 5*j - 1. Let u be i(-2). Suppose -4*r + 4796 = u*g - 19*g, 0 = 4*g - 8. What are the prime factors of r?
2, 599
What are the prime factors of -2 - (-18)/((-468)/(-286))*1*1949?
13, 17, 97
Suppose 14*v = 12509 - 3269. Suppose -q = -v + 109. List the prime factors of q.
19, 29
Let n(p) = -5*p + 125. Let s be n(16). List the prime factors of (-261)/s*-65 - (0 - 6).
383
What are the prime factors of 7484/(192/(-16) + 14)?
2, 1871
Suppose 35*v + y = 37*v - 60342, -60358 = -2*v - 3*y. What are the prime factors of v?
11, 13, 211
Suppose -2*a - 4*s - 16 = 0, -34*s = a - 33*s + 6. What are the prime factors of (-304)/(-6)*(a + (-511)/(-28))?
2, 19
Suppose t - 5*u + 23 = -0*t, 19 = 2*t + 3*u. Suppose 3*r = -2*v + 1720, t*r = -4*v + 8*v + 1136. List the prime factors of r.
2, 11, 13
Let w be 11 + (2/17 - (-96)/51). Let m(g) = 2*g - 8 - w*g**2 - g**3 + 2*g**3 - 6. List the prime factors of m(13).
2, 3
Suppose 9 - 9 = -16*n. Suppose -2*k = -3*d - n*d, k = 5*d. Suppose 2*b + 2*j - 62 = k, -4*b + j + 114 = -0*